me factors of 91.
7, 13
What are the prime factors of 23645?
5, 4729
What are the prime factors of 2395?
5, 479
What are the prime factors of 71992?
2, 8999
List the prime factors of 14393.
37, 389
List the prime factors of 84413.
7, 31, 389
What are the prime factors of 2442?
2, 3, 11, 37
What are the prime factors of 1088?
2, 17
What are the prime factors of 16985?
5, 43, 79
What are the prime factors of 286?
2, 11, 13
What are the prime factors of 19450?
2, 5, 389
What are the prime factors of 837?
3, 31
List the prime factors of 87239.
23, 3793
What are the prime factors of 86428?
2, 17, 31, 41
What are the prime factors of 2420?
2, 5, 11
What are the prime factors of 2290?
2, 5, 229
List the prime factors of 96702.
2, 3, 71, 227
List the prime factors of 449.
449
List the prime factors of 1010.
2, 5, 101
List the prime factors of 2160.
2, 3, 5
What are the prime factors of 8941?
8941
What are the prime factors of 1175?
5, 47
What are the prime factors of 935?
5, 11, 17
List the prime factors of 237.
3, 79
List the prime factors of 690.
2, 3, 5, 23
List the prime factors of 115004.
2, 28751
List the prime factors of 111610.
2, 5, 11161
What are the prime factors of 89278?
2, 7, 911
What are the prime factors of 878?
2, 439
What are the prime factors of 13005?
3, 5, 17
What are the prime factors of 44983?
44983
What are the prime factors of 2578?
2, 1289
What are the prime factors of 16433?
16433
List the prime factors of 2388.
2, 3, 199
What are the prime factors of 90167?
7, 11, 1171
List the prime factors of 557.
557
What are the prime factors of 41877?
3, 11, 47
List the prime factors of 6930.
2, 3, 5, 7, 11
What are the prime factors of 551?
19, 29
List the prime factors of 1279.
1279
What are the prime factors of 2293?
2293
What are the prime factors of 2877?
3, 7, 137
List the prime factors of 348.
2, 3, 29
What are the prime factors of 1147?
31, 37
List the prime factors of 52308.
2, 3, 1453
List the prime factors of 1457.
31, 47
List the prime factors of 1484.
2, 7, 53
List the prime factors of 2363.
17, 139
List the prime factors of 33568.
2, 1049
List the prime factors of 1639.
11, 149
List the prime factors of 42760.
2, 5, 1069
What are the prime factors of 36014?
2, 11, 1637
List the prime factors of 34593.
3, 13, 887
What are the prime factors of 21772?
2, 5443
What are the prime factors of 39485?
5, 53, 149
What are the prime factors of 2926?
2, 7, 11, 19
List the prime factors of 377.
13, 29
What are the prime factors of 93?
3, 31
List the prime factors of 14602.
2, 7, 149
What are the prime factors of 597?
3, 199
What are the prime factors of 5094?
2, 3, 283
List the prime factors of 21173.
31, 683
List the prime factors of 3259.
3259
What are the prime factors of 1949?
1949
What are the prime factors of 3267?
3, 11
List the prime factors of 2528.
2, 79
What are the prime factors of 2262?
2, 3, 13, 29
What are the prime factors of 46935?
3, 5, 7, 149
List the prime factors of 1967.
7, 281
What are the prime factors of 38848?
2, 607
List the prime factors of 140695.
5, 19, 1481
List the prime factors of 686.
2, 7
What are the prime factors of 615?
3, 5, 41
List the prime factors of 157879.
17, 37, 251
What are the prime factors of 590?
2, 5, 59
List the prime factors of 5995.
5, 11, 109
What are the prime factors of 333?
3, 37
What are the prime factors of 6458?
2, 3229
What are the prime factors of 1369?
37
What are the prime factors of 5174?
2, 13, 199
What are the prime factors of 13786?
2, 61, 113
List the prime factors of 10877.
73, 149
List the prime factors of 10467.
3, 1163
What are the prime factors of 26432?
2, 7, 59
List the prime factors of 22015.
5, 7, 17, 37
What are the prime factors of 1551?
3, 11, 47
List the prime factors of 1042.
2, 521
What are the prime factors of 143269?
7, 97, 211
What are the prime factors of 4101?
3, 1367
What are the prime factors of 13943?
73, 191
What are the prime factors of 1945?
5, 389
What are the prime factors of 1553?
1553
What are the prime factors of 646?
2, 17, 19
What are the prime factors of 27114?
2, 3, 4519
What are the prime factors of 107944?
2, 103, 131
List the prime factors of 1966.
2, 983
What are the prime factors of 5508?
2, 3, 17
List the prime factors of 1501.
19, 79
List the prime factors of 471.
3, 157
What are the prime factors of 280?
2, 5, 7
What are the prime factors of 704?
2, 11
What are the prime factors of 46251?
3, 571
List the prime factors of 111150.
2, 3, 5, 13, 19
List the prime factors of 2034.
2, 3, 113
List the prime factors of 959.
7, 137
What are the prime factors of 5941?
13, 457
What are the prime factors of 4170?
2, 3, 5, 139
List the prime factors of 4621.
4621
What are the prime factors of 767?
13, 59
What are the prime factors of 2619?
3, 97
What are the prime factors of 17237?
11, 1567
List the prime factors of 14421.
3, 11, 19, 23
List the prime factors of 14930.
2, 5, 1493
List the prime factors of 978.
2, 3, 163
What are the prime factors of 33379?
29, 1151
List the prime factors of 25793.
25793
What are the prime factors of 592?
2, 37
What are the prime factors of 971?
971
What are the prime factors of 581?
7, 83
What are the prime factors of 12347?
12347
List the prime factors of 3435.
3, 5, 229
What are the prime factors of 5456?
2, 11, 31
List the prime factors of 1008.
2, 3, 7
What are the prime factors of 107941?
107941
List the prime factors of 1637.
1637
List the prime factors of 1271.
31, 41
What are the prime factors of 69422?
2, 103, 337
List the prime factors of 643.
643
What are the prime factors of 3765?
3, 5, 251
List the prime factors of 33461.
33461
What are the prime factors of 4651?
4651
List the prime factors of 2221.
2221
What are the prime factors of 94640?
2, 5, 7, 13
What are the prime factors of 24591?
3, 7, 1171
List the prime factors of 10283.
7, 13, 113
List the prime factors of 15301.
11, 13, 107
List the prime factors of 54103.
7, 59, 131
List the prime factors of 5501.
5501
List the prime factors of 365.
5, 73
List the prime factors of 2753.
2753
What are the prime factors of 31653?
3, 3517
What are the prime factors of 8619?
3, 13, 17
List the prime factors of 10124.
2, 2531
List the prime factors of 27224.
2, 41, 83
What are the prime factors of 5494?
2, 41, 67
List the prime factors of 5225.
5, 11, 19
List the prime factors of 68393.
13, 5261
What are the prime factors of 4100?
2, 5, 41
What are the prime factors of 6424?
2, 11, 73
What are the prime factors of 2668?
2, 23, 29
What are the prime factors of 4213?
11, 383
What are the prime factors of 3473?
23, 151
What are the prime factors of 11163?
3, 61
List the prime factors of 4577.
23, 199
List the prime factors of 99438.
2, 3, 16573
List the prime factors of 37168.
2, 23, 101
List the prime factors of 15536.
2, 971
List the prime factors of 1126.
2, 563
List the prime factors of 34362.
2, 3, 23, 83
What are the prime factors of 1448?
2, 181
List the prime factors of 6912.
2, 3
What are the prime factors of 40556?
2, 10139
What are the prime factors of 5995?
5, 11, 109
List the prime factors of 2775.
3, 5, 37
List the prime factors of 164.
2, 41
List the prime factors of 28085.
5, 41, 137
What are the prime factors of 4200?
2, 3, 5, 7
List the prime factors of 363.
3, 11
What are the prime factors of 7959?
3, 7, 379
List the prime factors of 188.
2, 47
List the prime factors of 6887.
71, 97
List the prime factors of 5545.
5, 1109
What are the prime factors of 61?
61
List the prime factors of 132883.
83, 1601
List the prime factors of 280.
2, 5, 7
What are the prime factors of 4350?
2, 3, 5, 29
What are the prime factors of 53681?
53681
What are the prime factors of 10111?
10111
What are the prime factors of 2641?
19, 139
List the prime factors of 95020.
2, 5, 4751
List the prime factors of 212.
2, 53
What are the prime factors of 10650?
2, 3, 5, 71
What are the prime factors of 2345?
5, 7, 67
List the prime factors of 22738.
2, 11369
List the prime factors of 4856.
2, 607
List the prime factors of 4307.
59, 73
What are the prime factors of 38590?
2, 5, 17, 227
What are the prime factors of 38898?
2, 3, 2161
What are the prime factors of 45573?
3, 11, 1381
List the prime factors of 2705.
5, 541
What are the prime factors of 1495?
5, 13,